{"id":64,"date":"2022-04-24T14:36:16","date_gmt":"2022-04-24T14:36:16","guid":{"rendered":"http:\/\/www.e-iznik.com\/?page_id=64"},"modified":"2022-04-24T15:30:25","modified_gmt":"2022-04-24T15:30:25","slug":"kamera-sistemleri","status":"publish","type":"page","link":"https:\/\/www.e-iznik.com\/?page_id=64","title":{"rendered":"Kamera Sistemleri"},"content":{"rendered":"\n<figure class=\"wp-block-image size-full\"><img loading=\"lazy\" decoding=\"async\" width=\"598\" height=\"279\" src=\"http:\/\/www.e-iznik.com\/wp-content\/uploads\/2022\/04\/3-1.gif\" alt=\"\" class=\"wp-image-100\"\/><\/figure>\n\n\n\n<p>Firmam\u0131z G\u00fcvenlik kameras\u0131 sistemleri kurlum sat\u0131\u015f&nbsp; ve teknik servis hizmetleri tamir, bak\u0131m, onar\u0131m ve yedek par\u00e7a servisinde hizmet vermektedir. Yerinde G\u00fcvenlik kameras\u0131 sistemleri \u00fccretsiz ke\u015fif hizmeti, teknik servis yerinde \u00e7\u00f6z\u00fcm \u00fcretme ar\u0131za tespiti ve onar\u0131m\u0131. <\/p>\n\n\n\n<p id=\"iznik-kamera-servis\">G\u00fcvenlik kameras\u0131 sistemleri teknik servisi teknik sorunlar\u0131na anl\u0131k ve problemsiz \u00e7\u00f6z\u00fcm \u00fcretiyoruz. G\u00fcvenlik kameras\u0131 sistemleri ar\u0131za, onar\u0131m ve teknik servis ihtiyac\u0131n\u0131z olmas\u0131 durumunda 0 5357659691 nolu telefonu arayarak servis kayd\u0131 a\u00e7abilirsiniz <\/p>\n\n\n\n<p>Vermi\u015f oldu\u011fumuz G\u00fcvenlik kameras\u0131 sistemleri kurlumu sat\u0131\u015f\u0131 ve teknik servisi tamir ve bak\u0131m hizmetleri ;<\/p>\n\n\n\n<p>&#8211; G\u00fcvenlik kameras\u0131 sistemleri kurlumu-sat\u0131\u015f\u0131 ve teknik servisi, bak\u0131m ve onar\u0131m\u0131<\/p>\n\n\n\n<p>&#8211; Her t\u00fcrl\u00fc G\u00fcvenlik kameras\u0131 sistemleri kurlumu-sat\u0131\u015f\u0131 ve teknik servisi yedek par\u00e7as\u0131<\/p>\n\n\n\n<p>&#8211; Yaz\u0131l\u0131msal problemlerde anl\u0131k \u00e7\u00f6z\u00fcmler<\/p>\n\n\n\n<p>&#8211; Yerinde ve gezici bilgisayar ve G\u00fcvenlik kameras\u0131 sistemleri kurlumu-sat\u0131\u015f\u0131 ve teknik servisi teknik servis hizmeti<\/p>\n\n\n\n<p>S\u0131k kar\u015f\u0131la\u015ft\u0131\u011f\u0131m\u0131z G\u00fcvenlik kameras\u0131 sistemleri problemleri ;<\/p>\n\n\n\n<p>G\u00fcvenlik kameras\u0131 kablo ar\u0131zas\u0131<\/p>\n\n\n\n<p>G\u00fcvenlik kameras\u0131 dvr kay\u0131t cihaz\u0131 ar\u0131zas\u0131<\/p>\n\n\n\n<p>G\u00fcvenlik Kameras\u0131 DVR ve NVR cihazlar\u0131na ba\u011fl\u0131 Harddisk sorunlar\u0131 ve arz\u0131lar\u0131<\/p>\n\n\n\n<p>G\u00fcvenlik kameras\u0131 adapt\u00f6r problemleri<\/p>\n\n\n\n<p>G\u00fcvenlik kameras\u0131 power jack ve bnc soket problemleri<\/p>\n","protected":false},"excerpt":{"rendered":"<p>Firmam\u0131z G\u00fcvenlik kameras\u0131 sistemleri kurlum sat\u0131\u015f&nbsp; ve teknik servis hizmetleri tamir, bak\u0131m, onar\u0131m ve yedek par\u00e7a servisinde hizmet vermektedir. Yerinde [&hellip;]<\/p>\n","protected":false},"author":1,"featured_media":0,"parent":0,"menu_order":4,"comment_status":"closed","ping_status":"closed","template":"","meta":{"footnotes":""},"class_list":["post-64","page","type-page","status-publish","hentry"],"_links":{"self":[{"href":"https:\/\/www.e-iznik.com\/index.php?rest_route=\/wp\/v2\/pages\/64"}],"collection":[{"href":"https:\/\/www.e-iznik.com\/index.php?rest_route=\/wp\/v2\/pages"}],"about":[{"href":"https:\/\/www.e-iznik.com\/index.php?rest_route=\/wp\/v2\/types\/page"}],"author":[{"embeddable":true,"href":"https:\/\/www.e-iznik.com\/index.php?rest_route=\/wp\/v2\/users\/1"}],"replies":[{"embeddable":true,"href":"https:\/\/www.e-iznik.com\/index.php?rest_route=%2Fwp%2Fv2%2Fcomments&post=64"}],"version-history":[{"count":4,"href":"https:\/\/www.e-iznik.com\/index.php?rest_route=\/wp\/v2\/pages\/64\/revisions"}],"predecessor-version":[{"id":109,"href":"https:\/\/www.e-iznik.com\/index.php?rest_route=\/wp\/v2\/pages\/64\/revisions\/109"}],"wp:attachment":[{"href":"https:\/\/www.e-iznik.com\/index.php?rest_route=%2Fwp%2Fv2%2Fmedia&parent=64"}],"curies":[{"name":"wp","href":"https:\/\/api.w.org\/{rel}","templated":true}]}}